+ -1bb?
8
In base 10, what is -8794 - 7?
-8801
In base 13, what is -3c0 - -60?
-360
In base 16, what is -7 - 46728?
-4672f
In base 14, what is -31b2d + -4?
-31b33
In base 15, what is 286d4 + -3?
286d1
In base 7, what is 403341 - -3?
403344
In base 2, what is -10011 - -10010100010?
10010001111
In base 11, what is -266 - -14?
-252
In base 7, what is -1641 + -2?
-1643
In base 9, what is -24 - -6682?
6657
In base 2, what is -100 + -1101101110101011?
-1101101110101111
In base 14, what is -a40c - -1b?
-a3d1
In base 9, what is -48344 - -5?
-48338
In base 4, what is 3 - -1002001113?
1002001122
In base 9, what is -3172 - 110?
-3282
In base 4, what is -10 + 13220?
13210
In base 8, what is 4 + 771175?
771201
In base 12, what is -ba - 73b4?
-74b2
In base 12, what is -1b - 2a955?
-2a974
In base 14, what is -18d29c + -5?
-18d2a3
In base 7, what is -213 + 52?
-131
In base 4, what is 221031020 - 0?
221031020
In base 13, what is -a051 + -7?
-a058
In base 7, what is -4 + -4502125?
-4502132
In base 6, what is 10 - 42512?
-42502
In base 6, what is 4 + 11400045?
11400053
In base 13, what is -3 + -2087a?
-20880
In base 16, what is -2 + -426d3?
-426d5
In base 5, what is -4 + 24344403?
24344344
In base 6, what is 2532 + 322?
3254
In base 13, what is 2 + -91c6?
-91c4
In base 13, what is 4 - 33281?
-3327a
In base 9, what is -245 - 2701?
-3046
In base 4, what is -132 + 11021002?
11020210
In base 10, what is 15 - -1488?
1503
In base 15, what is 465ebc - 0?
465ebc
In base 6, what is 20555 - -45?
21044
In base 4, what is 30 - 32312?
-32222
In base 16, what is 29af - -18?
29c7
In base 3, what is 1020002112 - 120?
1020001222
In base 15, what is -5c96 - 5?
-5c9b
In base 7, what is 5 + 13150564?
13150602
In base 11, what is -1 + a506?
a505
In base 7, what is -4 - 162414?
-162421
In base 13, what is -186 + 810?
657
In base 4, what is -10 + -1133010112?
-1133010122
In base 6, what is 323 + -2355?
-2032
In base 2, what is 10001 + -110000000001110111?
-110000000001100110
In base 14, what is 170549 + 5?
170550
In base 14, what is -660 + -4?
-664
In base 14, what is -2b25 + 9?
-2b1a
In base 10, what is 107737 + 71?
107808
In base 15, what is 407 - -87?
48e
In base 9, what is -213602 - 4?
-213606
In base 6, what is -1 - -3051312?
3051311
In base 4, what is 23 - -222?
311
In base 11, what is 3867 - 5?
3862
In base 4, what is 233200 - -1?
233201
In base 8, what is 5511 + -2?
5507
In base 7, what is -26516 - -141?
-26345
In base 8, what is 43 - 5376?
-5333
In base 12, what is -59840 - 0?
-59840
In base 9, what is 335 + -523?
-177
In base 14, what is 8 - -852?
85a
In base 7, what is 31116404 - -1?
31116405
In base 5, what is -232 - 120342?
-121124
In base 14, what is -bb - -18?
-a3
In base 10, what is -40 - -43337?
43297
In base 14, what is -17 + 87d1?
87b8
In base 6, what is -5 - -101535?
101530
In base 15, what is -7 - -c03?
beb
In base 12, what is 4 - -729b0?
729b4
In base 9, what is 1524 - 383?
1131
In base 10, what is -422 - -2050?
1628
In base 4, what is -1032101 - -21110?
-1010331
In base 13, what is cb7 + 18a?
1174
In base 4, what is 11321032 - 30?
11321002
In base 4, what is 101 + -1110130?
-1110023
In base 7, what is -1234 - -5466?
4232
In base 15, what is -54 + -bc7?
-c2b
In base 11, what is -277461 + 3?
-277459
In base 5, what is -123231 - 33?
-123314
In base 4, what is -1000 + -221010?
-222010
In base 12, what is -10 + 788?
778
In base 7, what is 10 + 6115?
6125
In base 13, what is -103 + 17?
-b9
In base 12, what is 80325 - 9?
80318
In base 3, what is 12011111 - -2?
12011120
In base 3, what is 2 + 211111121011?
211111121020
In base 5, what is 220 + 34432?
40202
In base 4, what is 2 - 3113333?
-3113331
In base 15, what is -24a + -101?
-34b
In base 11, what is -160 - -997?
837
In base 12, what is 786a0 + 0?
786a0
In base 4, what is -21 - -2323112?
2323031
In base 10, what is 238 - -347?
585
In base 15, what is b046a - -1?
b046b
In base 4, what is 132320 - 32?
132222
In base 10, what is 1109 + 22?
1131
In base 9, what is 13 + 78610?
78623
In base 13, what is -1754 + -17?
-176b
In base 16, what is 15 - 2ba?
-2a5
In base 16, what is -1bfb32 + -4?
-1bfb36
In base 6, what is -3255 + 33?
-3222
In base 15, what is 71 - 1d4?
-163
In base 11, what is -2a63 - 5?
-2a68
In base 9, what is 1 - 206112?
-206111
In base 7, what is 101 - -30666?
31100
In base 16, what is -a + -1d3c?
-1d46
In base 8, what is -1670 - -310?
-1360
In base 14, what is -5 + 49c78?
49c73
In base 15, what is -7548 + 3?
-7545
In base 15, what is -712a - -4?
-7126
In base 7, what is 5 - 404402?
-404364
In base 2, what is 100100111001110001100 - -1?
100100111001110001101
In base 16, what is -362319 - 2?
-36231b
In base 8, what is -22617 + 10?
-22607
In base 10, what is 3 - -32093?
32096
In base 12, what is -31b42 + 3?
-31b3b
In base 3, what is 20220 + 12000?
102220
In base 12, what is -3 - -19169?
19166
In base 4, what is -2 + -3020233313?
-3020233321
In base 12, what is a - -16b67?
16b75
In base 5, what is -10 + 134403?
134343
In base 14, what is -65 + -d7?
-15c
In base 10, what is -161 - 4667?
-4828
In base 7, what is 142 + 355?
530
In base 14, what is 684b - -6?
6853
In base 15, what is -9073 + b?
-9067
In base 14, what is 3 - 30bb6?
-30bb3
In base 16, what is -4 - -3876?
3872
In base 15, what is 1 - da39?
-da38
In base 13, what is 73c898 - -3?
73c89b
In base 11, what is -3 - 388a?
-3892
In base 6, what is -54025 - -2?
-54023
In base 2, what is 0 - -1000101000100001100?
1000101000100001100
In base 12, what is 33 + -521?
-4aa
In base 5, what is -2 + -243420?
-243422
In base 3, what is 211111 - -200?
212011
In base 12, what is -264 - -188?
-98
In base 15, what is 44 - -c2b?
c70
In base 8, what is -104 + 65110?
65004
In base 6, what is -45024324 + 1?
-45024323
In base 8, what is 14511731 + 0?
14511731
In base 3, what is 102220 + 2122112?
10002102
In base 12, what is -23 - -165?
142
In base 13, what is 3 - a41aa?
-a41a7
In base 14, what is -3 + -16388?
-1638b
In base 10, what is -43 - -294?
251
In base 7, what is 330546 + 2?
330551
In base 2, what is 10 + -100111011011000?
-100111011010110
In base 10, what is -5913 - -199?
-5714
In base 6, what is -2 - 144431?
-144433
In base 7, what is -124031 + 0?
-124031
In base 13, what is -cb73 - 41?
-cbb4
In base 3, what is 220021 + -10212201?
-2222110
In base 3, what is 2 + -21112011?
-21112002
In base 3, what is -12 - 12001101?
-12001120
In base 10, what is 979 - -94?
1073
In base 5, what is -10 - -22322?
22312
In base 14, what is 2d - -4b49?
4b78
In base 15, what is 24 + -1e1dd?
-1e1b9
In base 11, what is -1a7 + 10959?
10762
In base 9, what is -1457665 + -4?
-1457670
In base 8, what is -4 - 405247?
-405253
In base 3, what is -1 + -101220212?
-101220220
In base 6, what is -533 - -42?
-451
In base 4, what is -103332 - -3?
-103323
In base 9, what is 5061 + -27?
5033
In base 7, what is 4 - 50251?
-50244
In base 8, what is -505 + 2117?
1412
In base 5, what is 1320213423 - -10?
1320213433
In base 4, what is -203223 - 11221?
-221110
In base 3, what is 111 - 201211210?
-201211022
In base 16, what is -1a34 + 1?
-1a33
In base 7, what is -3552 + -1006?
-4561
In base 3, what is 2 - -1111120221?
1111121000
In base 16, what is 621f - -b?
622a
In base 9, what is 1 + -180481?
-180480
In base 10, what is 3768 + -18?
3750
In base 11, what is -306a + 314?
-2856
In base 13, what is -13 + -a14b?
-a161
In base 16, what is 10 - 20c6?
-20b6
In base 4, what is 10033 - 1023?
3010
In base 8, what is 41275 + 64?
41361
In base 12, what is -64 + 640?
598
In base 7, what is -445540 + 5?
-445532
In base 9, what is -4 + 2734418?
2734414
In base 6, what is 5 - 305154?
-305145
In base 12, what is -268b4a - 3?
-268b51
In base 6, what is 1051053 - -4?
1051101
In base 15, what is -2260 - -14?
-224b
In base 2, what is 101100100000 + -1000001100?
100100010100
In base 10, what is 90033 - -8?
90041
In base 9, what is -76425 - 7?
-76433
In base 3, what is 10 + -1012211012?
-1012211002
In base 10, what is -3 + 95148?
95145
In base 3, what is -11 + -1111111111211?
-1111111111222
In base 3, what is -120121 - -21011?
-22110
In base 15, what is 3 + -342e?
-342b
In base 6, what is 150014441 + -2?
150014435
In base 7, what is -1050442 + -4?
-1050446
In base 2, what is -1011001100 + 1010100111?
-100101
In base 5, what is 202